2*h + w*t = t + 106, 2*h - 4*t = 106. Calculate the remainder when 262 is divided by h.
50
Suppose 3*j - 1894 = -3*n - 2*j, -5*j + 638 = n. What is the remainder when n is divided by 5?
3
Let b = -80043 - -80058. Let m be (108/(-3))/((-1)/2). Let f = m + 0. Calculate the remainder when f is divided by b.
12
Let u = 5106 - 5034. What is the remainder when 582 is divided by u?
6
Let f(o) = -o**3 - 4*o**2 + 795*o + 3203. Calculate the remainder when 941 is divided by f(-4).
21
Let j = 32185 - 32101. What is the remainder when j is divided by 33?
18
Let p(j) = -2*j**3 - 17*j**2 - 10*j - 10. Let x be p(-8). Suppose -x*g = -150 - 402. What is the remainder when g is divided by 29?
5
Let k(u) = u**3 - 8*u**2 + 11*u + 8. Let n = -285 + 549. Suppose n = -w + 9*w. Calculate the remainder when w is divided by k(6).
1
What is the remainder when 288 is divided by 24/48 - ((-2)/(8/182) + -3)?
43
Let q = -89 + 62. What is the remainder when (-2316)/q - 8/(-36) is divided by 36?
14
What is the remainder when ((-2992)/(-6))/(-1)*34/((-4964)/219) is divided by 75?
73
Let n(c) = -11*c + 140. Suppose 7*s - 6 = 78. What is the remainder when n(8) is divided by s?
4
Let v = -3499 - -3816. What is the remainder when v is divided by 78?
5
Suppose 5*i - 83 = 4*f + 244, i - 3*f = 61. Calculate the remainder when 141 is divided by i.
7
Let y(u) = 1 + 1 - 4 + 0*u + 2*u. Let q be y(2). Suppose -40 = -q*l - l + d, -4*l = d - 65. What is the remainder when 26 is divided by l?
11
Suppose -2*o = -5*c + 3*c - 40, 3*o - c - 70 = 0. Suppose 33 = 4*j + o. Calculate the remainder when 4 is divided by j.
0
Suppose 110 = 5*v + 2*r, -5748 = -3*v + 4*r - 5708. Suppose 1 = -b + 11. Calculate the remainder when v is divided by b.
0
Let r = 21515 + -21342. Calculate the remainder when 509 is divided by r.
163
Let f(j) = j**3 + 10*j**2 - 8*j + 20. Let y be f(-11). Calculate the remainder when 82*(y/(-6) - (-4)/(-6)) is divided by 21.
18
Let z be 715 - -12*8/(-32). Suppose 0 = -18*g + z + 440. What is the remainder when g is divided by 34?
30
Suppose 161*l - 165*l = 20. Suppose -m + 3*m = -2*z + 336, z + 4*m = 153. Calculate the remainder when z is divided by (44/l)/(-2 - (-27)/15).
41
Calculate the remainder when 8317 is divided by (-1790)/(-14) - (-27)/(151 + 38).
125
Let t be (-1)/(-12) + (-47)/564. Suppose 68*s - 60*s - 552 = t. Calculate the remainder when 135 is divided by s.
66
Let w(z) = -59*z - 408. Let k be w(-16). What is the remainder when 297 is divided by ((3 + k)/7)/1?
66
Let o = 340 - -227. Suppose 32*h = 1367 - o. What is the remainder when h is divided by 1?
0
Suppose 238 = -6*q + 688. Let c = -57 + q. Calculate the remainder when c is divided by 10.
8
Suppose -3 + 6 = r. Let a = 3 - r. What is the remainder when 32 is divided by -1 + a - (-19 + 7)?
10
Let s be (-4)/3*(-3)/1. Calculate the remainder when 62 is divided by (-270)/(-8) - 2 - (-1)/s.
30
Suppose -52*y + 2606 + 2806 = -26724. What is the remainder when y is divided by 142?
50
Let o(f) = 33*f - 133. Let p be o(4). What is the remainder when 231 is divided by 27/(-6)*p/((-3)/(-6))?
6
Suppose -193*t - 2654 + 8427 = 58*t. What is the remainder when 2046 is divided by t?
22
Let n(v) = 68*v - 2715. Calculate the remainder when n(45) is divided by 13.
7
Let p = -14560 - -14644. Let i = -47 - -66. What is the remainder when p is divided by i?
8
Let u = -27960 + 27971. Calculate the remainder when 580 is divided by u.
8
Let b be 538/(-10) + 3/(-15). Let f(n) = -52*n**3 + 10*n + 9. Calculate the remainder when f(-1) is divided by (8/6)/((-4)/b).
15
Suppose 25 = -0*p + 5*p. Let h(q) = 2*q + 37. Let i(n) = -4*n - 36. Let o(c) = 3*h(c) + 4*i(c). Calculate the remainder when o(-4) is divided by p.
2
Suppose 290*d - 285*d = 2*i - 68, 3*i - 76 = d. Calculate the remainder when 436 is divided by i.
4
Let r(o) = -o**2 - 24*o + 18. Suppose 0 = 3*d + 12, v + 5 = -d - 19. What is the remainder when r(v) is divided by 53?
45
Suppose -3*p - 901 = -5*o - 125, -5*o - 3*p + 764 = 0. Calculate the remainder when o is divided by 84.
70
Let b(y) = y**2 - y - 18. Let j = 19 + -25. Calculate the remainder when 81 is divided by b(j).
9
Let a(h) = 20*h**2 - 102*h - 102. Calculate the remainder when 496 is divided by a(-1).
16
Let y(m) = m**2 + 43*m + 391. What is the remainder when 419 is divided by y(-9)?
79
Suppose -6*n + 474 = -4*b, 154*b = 150*b - 24. Calculate the remainder when 889 is divided by n.
64
Suppose m - 2*q - 9 = 0, -1 = -2*m + 2*q + 11. Calculate the remainder when (-41)/(-2*m/30) is divided by 8.
5
Let s(q) = -q**3 + 31*q**2 + 20*q + 45. Let u be s(31). Suppose 0 = 11*k + u - 2161. Calculate the remainder when k is divided by 14.
10
Let d(t) = -t**2 + 22*t + 19. Let l be d(23). Let q = -31 + 33. Calculate the remainder when 3*(-5)/(-3) - l is divided by q.
1
Let f = 14 - 13. Suppose -4*v = 5*z - 44, 36 = 5*z + 3*v - 7*v. Suppose -3*j = 5*i - 37 + 9, -z = -3*j - i. What is the remainder when f is divided by j?
0
Suppose -4452*w + 4455*w = 3393. Calculate the remainder when w is divided by 54.
51
Suppose -k = -3*m - 5*k + 21, 3*m - 42 = 3*k. What is the remainder when (-252)/(-8) - (2 - 2/(-4)) is divided by m?
7
Suppose -3*k - 20 = -7*k. Let d(g) be the third derivative of -g**5/60 - g**4/2 - 3*g**3/2 - 14*g**2. What is the remainder when d(-10) is divided by k?
1
Let w(o) = -o**3 - 11*o**2 - 22*o + 7. Let n be w(-8). What is the remainder when 9/(10/(-6) + 2) is divided by 123/82*(-60)/n?
7
Let w(j) = 1019*j - 59081. Calculate the remainder when w(58) is divided by 8*(-2)/(-6)*3.
5
Suppose 0 = 3*f + x - 774, -5*f + 1372 = -3*x + 110. Calculate the remainder when f is divided by 123.
10
Suppose 4094 = 209*m + 183*m - 4922. What is the remainder when 2111 is divided by m?
18
Suppose -74 = -4*o - 86, t = -3*o + 2. What is the remainder when t is divided by 10?
1
Let l(q) = 2*q**3 - 20*q**2 - 74*q + 42. Calculate the remainder when l(13) is divided by 54.
40
Suppose -291*b + 157*b - 117421 = -163*b. Calculate the remainder when b is divided by 81.
80
Suppose -64*z = 2*z - 6864. Suppose 2*r - 84 = -6. Calculate the remainder when z is divided by r.
26
Suppose 4*k = x + 195, -225 = -5*k - x - 4*x. Let o = k - -20. Calculate the remainder when 206 is divided by o.
2
Suppose 2104*j = 2118*j - 3626. Calculate the remainder when j is divided by 83.
10
Suppose 0*h - 5*h = -600. Let n = -64185 - -64228. Calculate the remainder when h is divided by n.
34
Suppose 155*m - 113*m = 2762 + 5344. Calculate the remainder when m is divided by 86.
21
Suppose 4291 + 7889 = 406*c - 1624. Suppose -2*t + t = -36. Suppose -t*n = -c*n - 108. What is the remainder when n is divided by 11?
10
Let c(b) = 67*b - 210. Let m(l) = -34*l + 105. Let q(p) = 4*c(p) + 9*m(p). What is the remainder when 219/4 + 1/4 is divided by q(2)?
26
Suppose -q = 3*q - r - 356, -104 = -q + 4*r. Calculate the remainder when 182 is divided by q.
6
Let h = 77 + 61. What is the remainder when h is divided by (-26)/221 + 5108*(-6)/(-408)?
63
Suppose -2*q + 158 = 2*v, 2*q - 5 = -16*v + 69. What is the remainder when 1009 is divided by q?
74
Suppose x + 49 - 192 - 265 = 0. Calculate the remainder when x is divided by 195.
18
Suppose 4*y + 137 = -5*g + 237, 0 = -2*y + g + 64. Calculate the remainder when 300 is divided by y.
0
Let d(k) = 2*k**2 - 8*k + 1. Calculate the remainder when d(18) is divided by 473.
32
Suppose 9 = -c + 11. Suppose 0 = c*p - 3*t - 63, -2*p + 7*t = 3*t - 68. Let o = -13 + 20. Calculate the remainder when p is divided by o.
3
Suppose 3*k - 40 = k. Let a(c) = -7*c + 28. Calculate the remainder when a(-13) is divided by k.
19
Let d be (-8054)/(-6) - 16/48. Suppose -11*x = 209 - d. Suppose 5*s - 83 = w + w, 5*s = -3*w + 63. What is the remainder when x is divided by s?
13
Let n = 19 + 26. Suppose -3*m = -3*i + 120, 3*m - 2*i = 8*m + 228. Let t(w) = -8*w - 328. What is the remainder when n is divided by t(m)?
21
Let m(j) = -j - 2. Let w(h) = -h**2 - 6*h - 2. Let t be w(-7). Let n be m(t). Let c = 5 + n. Calculate the remainder when c is divided by 7.
5
Let j = -1307 + 1330. What is the remainder when 132 is divided by j?
17
Let p = -47 - -50. Suppose p*m + 2 = 14. What is the remainder when 145 is divided by (2 - m)*(-6 - 185/10)?
47
Let i(u) = -u - 20. Let m be 